of g?
2, 19
Let s be (-248)/20 - 4/(-10). Let g(b) = b**3 + 14*b**2 + 13*b - 13. What are the prime factors of g(s)?
7, 17
Suppose 12*o = o - 275. Let q = o - -98. List the prime factors of q.
73
Let h(b) = 16*b. Let w be h(2). Suppose 2*q - 87 = t, 2*t - 19 = -q + w. Let a = q - 17. What are the prime factors of a?
2, 7
Let i = 4 + 0. Let a(w) = w**3 + w**2 - 4*w**2 - 4 - 2*w - 5*w - i*w**2. What are the prime factors of a(8)?
2
Let r(s) = 366*s**3 + 3*s - 2. Let m be r(1). Suppose 4*n - m + 119 = 0. List the prime factors of n.
2, 31
Suppose -2*b - 26 = 2*g, 3*b - 5*b + 10 = 0. Let k = 164 + g. Let j = -92 + k. What are the prime factors of j?
2, 3
Suppose 999*r + 21750 = 1004*r. What are the prime factors of r?
2, 3, 5, 29
Suppose 146 = 4*j + 2*t, -5*j - 76 = t - 263. Suppose -j = -u + 20. Suppose y - 5*x - 11 = -x, -4*x = 2*y - u. What are the prime factors of y?
23
Let o(d) = 3*d**2 + 5*d. List the prime factors of o(5).
2, 5
Let p be 0 + (167/(-1) - (-1 + -2)). Let a = p + 282. What are the prime factors of a?
2, 59
Let w(k) = k**3 + 9*k**2 - 12*k - 15. Let z be w(-10). Suppose -233 + 788 = z*q. Suppose 5*u - l - q = 0, -4*u = u + 2*l - 123. List the prime factors of u.
23
Let d(f) = -4*f - 15. Let a(y) = 3*y + 14. Let w(c) = -5*a(c) - 4*d(c). Let r be w(9). List the prime factors of (-1 - -3)*(9 - r).
2, 5
Let j(y) = 16*y - 27. List the prime factors of j(8).
101
Suppose 0 = -5*m + 8 + 37. Suppose 0*d - 3*d + m = 0. Suppose 4*c - d*l - 44 - 29 = 0, -2*c - 4*l = -20. List the prime factors of c.
2
Let a = 54 - -23. Let i = -142 + a. What are the prime factors of ((-117)/i)/((-2)/(-30))?
3
Let p = 11 - 9. Suppose 4*y - 40 = 5*s, p*y - 4*y + 4*s + 26 = 0. List the prime factors of 17 - 9/(y - 2).
2, 7
Let o be 4/10 - (-226)/10. Let n = 99 - 78. Suppose 4*w - o = n. List the prime factors of w.
11
Let k(t) = 7*t + 450. List the prime factors of k(25).
5
Suppose 3*v + 5*t - 4213 = t, 4*t = v - 1415. List the prime factors of v.
3, 7, 67
List the prime factors of 4546 - (-2 - -15 - 19).
2, 569
Let v = -18 - -20. Suppose -3*m - 49 = -2*h, v*m - 4 - 6 = 0. List the prime factors of h.
2
Let z(n) = 2*n**3 + 3*n**2 - 7*n - 3. Let s be z(-6). Let x = s + 464. What are the prime factors of x?
179
Let k = 74 + -68. Let d(z) = -z**2 + 4*z + 23. List the prime factors of d(k).
11
Let x(b) = 5*b**2 + 2*b - 5. Let g(d) = -4*d**3. Let w = -18 + 19. Let r be g(w). List the prime factors of x(r).
67
Suppose 72*c - 67*c = 380. Let h = -13 + c. What are the prime factors of h?
3, 7
Let h = 456 - 150. Let x = -217 + h. List the prime factors of x.
89
Let j(w) = w**3 + 17*w**2 - 3*w - 53. What are the prime factors of j(-13)?
2, 331
Let z(d) = -d**2 - 12*d - 1. Let s(l) = l**2 - 7*l + 2. Let a be s(7). Let j be a/((10/(-4))/5). What are the prime factors of z(j)?
31
Suppose 1032*p - 1035*p = -1269. What are the prime factors of p?
3, 47
Let z(b) = 17*b + 8. Let d be z(-4). Suppose 0*x + 2*x = -210. Let v = d - x. What are the prime factors of v?
3, 5
Suppose -5*n + 353 = 2*m - 3936, 3418 = 4*n - 5*m. What are the prime factors of n?
857
Let k(a) = a**2 - 4*a - 12. Suppose 5*f - 20 = 2*p, -4*f = f + 2*p - 40. Let y be k(f). Suppose y = 2*z - 28 - 8. What are the prime factors of z?
2, 3
Suppose 27*z - 30*z = -3888. What are the prime factors of z?
2, 3
Let g be 4/4 + 2 + -4. Let f(h) = -h**3 - 6*h**2 - 6*h - 2. Let l be f(-4). List the prime factors of (145/l)/(g/2).
29
Suppose 24*v - 82248 = 23232. What are the prime factors of v?
3, 5, 293
Suppose g + 4*u = -3*g + 1964, -2*u = -5*g + 2469. Let d = g + -217. What are the prime factors of d?
2, 3, 23
Let w(j) = -j**2 + 3*j - 5. Let l be w(6). Let h = -12 - l. Suppose -2*u = -u - h. What are the prime factors of u?
11
Suppose 3 + 6 = 3*d. Let r be 6*(d - 4 - 1). What are the prime factors of 3/r + 45/4?
11
What are the prime factors of 4308 - 16/12*(-6)/4?
2, 5, 431
Let o(k) = -k**3 + 6*k**2 - 7*k - 2. Let h be o(4). Suppose -h*a = -47 - 91. What are the prime factors of a?
3, 23
Let w = -759 - -1097. List the prime factors of w.
2, 13
Let i = -590 + 4725. List the prime factors of i.
5, 827
Let b = 38 - 83. Let f be (6/9)/((-6)/b). Suppose f*n = -135 + 340. List the prime factors of n.
41
Suppose 3*d = 5*d - 20. Suppose -4*u + 2 + d = 0. Suppose m = u*v - 13 - 12, -5*m + 15 = 5*v. List the prime factors of v.
7
Let g = -8 + 10. Let q(o) = 29 + 16 - o + 3*o**2 + 0*o - g*o**2. List the prime factors of q(0).
3, 5
Suppose p - 3*s = s + 32, 2*s = -5*p + 182. Let o = p + 38. Suppose 2*j = -8 + o. List the prime factors of j.
3, 11
Suppose 208 = -5*r - 4*l, -79 = -3*r + 5*r + 3*l. Suppose -204 = -3*u + 2*v, 6*v + 15 = v. Let h = u + r. What are the prime factors of h?
2, 11
Let g = 0 + -4. Let c(l) = 4*l**3 + 9*l**2 + 8*l. Let i(n) = 3*n**3 + 8*n**2 + 8*n - 1. Let m(s) = g*c(s) + 5*i(s). List the prime factors of m(5).
2, 5
Let q(y) = -y**2 - 10*y + 27. Let f be q(-13). List the prime factors of 8/f*1*-207.
2, 3, 23
Let o(k) = -k - 2. Let x be o(0). Let y be (-7)/14 + x/(-4). Suppose -2*j + 0*j + 4 = y. What are the prime factors of j?
2
Let x(a) = a**3 + 20*a**2 + 18*a - 3. Let m be x(-19). Suppose -3*j + m + 5 = 0. What are the prime factors of j?
7
Let x(j) = j**2 + 3*j - 40. Let z(f) = f**3 + 5*f**2 - 3*f + 3. Let h be z(-6). List the prime factors of x(h).
2, 5, 7
Let m = -833 - -1474. List the prime factors of m.
641
Suppose -2*l - l + 357 = 0. List the prime factors of (-6324)/l*(-7)/2.
2, 3, 31
Let t(s) = -s**2 - 35*s + 23. Let l = 86 + -98. List the prime factors of t(l).
13, 23
Suppose 0 = 5*p - 30 - 30. Suppose 13*o - p*o = 52. Let x = 88 - o. What are the prime factors of x?
2, 3
Let i = 20 + -16. Let z = i + -4. Suppose z = x - 2*a - 14 + 1, 5*x = -4*a + 107. List the prime factors of x.
19
Suppose 0*d = -2*d - 10, 0 = -5*o - 2*d - 290. Let i = o + 120. List the prime factors of i.
2
Let h(i) = -i**2 + 16*i + 11. Let k be h(20). Let u = -38 - k. What are the prime factors of u?
31
What are the prime factors of ((-3)/12 - 1485/(-20)) + 1?
3, 5
List the prime factors of 22258/21 + (-16)/(-168).
2, 5, 53
Suppose -1404 = -s - m, -84*s + 81*s - 2*m + 4211 = 0. List the prime factors of s.
23, 61
Let w be (36/(-10))/((-63)/(-840)). What are the prime factors of (592/w)/((-2)/6)?
37
Suppose -21 = 3*o + 993. Let w = o - -483. List the prime factors of w.
5, 29
Let f(d) = -4*d + 4. Let m be f(-3). Suppose 14*a - m*a + 232 = 0. List the prime factors of a.
2, 29
Suppose 0 = -4*o - 5*p - 34, 8 = -2*o + o - p. Let h = o - -17. List the prime factors of h.
11
Let d(c) = 108*c + 12. Let h(r) = -r**2 - 21*r + 48. Let p be h(-23). What are the prime factors of d(p)?
2, 3, 19
Suppose 3*t = 4*b + 10, 0 = -3*b + 2 - 5. Suppose -1 = t*f - 63. What are the prime factors of f?
31
Let w = 2907 + -567. What are the prime factors of w?
2, 3, 5, 13
Suppose 5*t - 13 = -2*l, 3*t - 6 = -3. Suppose -4*r = -0*s - l*s - 20, -13 = -4*r - 3*s. Suppose 20 = r*y - 12. List the prime factors of y.
2
Let g = -44 + 21. Let o = 46 + g. List the prime factors of o.
23
Let k(o) = 19*o**2 - 1. Let i be k(2). Let f = 48 - i. Let m = f + 45. What are the prime factors of m?
2, 3
Let f = 1005 + 2305. What are the prime factors of f?
2, 5, 331
Let u(n) = -3*n**2 + n - 2. Let b be u(-4). Let g(s) = 38*s - 16. Let h be g(-2). Let c = b - h. List the prime factors of c.
2, 19
Let x = 10 - 5. Suppose 2*u - 3*j - 1 = 3*u, u + 5*j + x = 0. Suppose -u*z + 147 = -2*z. What are the prime factors of z?
7
List the prime factors of 2*1 - (-8 + (-2521 - -15)).
2, 17, 37
Let c(d) = 34*d**2 - 8*d - 6. What are the prime factors of c(7)?
2, 401
Let x(d) = 4*d + 8. Let g be x(6). Let w(h) = -3*h + 0*h + g + 3*h + h. List the prime factors of w(0).
2
Let f(r) = r**2 - r + 10. Let k be f(0). Let w be (4 - 0) + -12 + k. Suppose -2*m = 4*y - 20, -m - 19 = -5*y - w*m. List the prime factors of y.
3
Let o = -158 - -292. Suppose -4*c - 8 = i - 45, 4*i + 2*c = o. What are the prime factors of i?
3, 11
What are the prime factors of (-5 + 6)/(((-11)/(-1688))/11)?
2, 211
Let z(g) = -4 + 33 - 29 - 2*g. Suppose -3 = -0*c - c, -4 = 2*y + 2*c. What are the prime factors of z(y)?
2, 5
Let m be (-1)/2 + (-87)/(-2). Let t = -41 + m. List the prime factors of t.
2
Suppose 0 = 4*w 